{"id":63,"date":"2024-04-05T12:44:38","date_gmt":"2024-04-05T10:44:38","guid":{"rendered":"https:\/\/lesmassagesdelou.fr\/?post_type=product&#038;p=63"},"modified":"2024-12-12T12:09:57","modified_gmt":"2024-12-12T11:09:57","slug":"amma-assis","status":"publish","type":"product","link":"https:\/\/lesmassagesdelou.fr\/index.php\/produit\/amma-assis\/","title":{"rendered":"Massage Amma assis Chamb\u00e9ry"},"content":{"rendered":"<p class=\"has-text-color\">C\u2019est un massage bas\u00e9 sur les principes de la m\u00e9decine asiatique.<\/p>\n<p class=\"has-text-color\"><strong>Bienfaits :<\/strong>\u00a0rel\u00e2chement des tensions musculaires et nerveuses (effet relaxant) et relancer les \u00e9nergies (effet dynamisant).<\/p>\n<p class=\"has-text-color\"><strong>Indications :\u00a0<\/strong>b\u00e9n\u00e9fique pour les personnes pr\u00e9sentant des troubles musculosquelettiques.<\/p>\n<p class=\"has-text-color\">Ce massage se fait habill\u00e9, sans huile et peut se pratiquer tous les jours.\u00a0<strong>Mettez un t-shirt manches courtes et pantalon ou jogging ou legging<\/strong>\u00a0<strong>pour venir.<\/strong><\/p>\n","protected":false},"excerpt":{"rendered":"<p>C\u2019est un massage bas\u00e9 sur les principes de la m\u00e9decine asiatique. Bienfaits :\u00a0rel\u00e2chement des tensions musculaires et nerveuses (effet relaxant) et relancer les \u00e9nergies (effet dynamisant). Indications :\u00a0b\u00e9n\u00e9fique pour les personnes pr\u00e9sentant des troubles musculosquelettiques. Ce massage se fait habill\u00e9, sans huile et peut se pratiquer tous les jours.\u00a0Mettez un t-shirt manches courtes et pantalon [&hellip;]<\/p>\n","protected":false},"featured_media":91,"template":"","meta":[],"product_cat":[22,20,19],"product_tag":[],"class_list":{"0":"post-63","1":"product","2":"type-product","3":"status-publish","4":"has-post-thumbnail","6":"product_cat-dynamisant","7":"product_cat-energetique","8":"product_cat-relaxation","10":"first","11":"instock","12":"featured","13":"shipping-taxable","14":"purchasable","15":"product-type-simple"},"_links":{"self":[{"href":"https:\/\/lesmassagesdelou.fr\/index.php\/wp-json\/wp\/v2\/product\/63","targetHints":{"allow":["GET"]}}],"collection":[{"href":"https:\/\/lesmassagesdelou.fr\/index.php\/wp-json\/wp\/v2\/product"}],"about":[{"href":"https:\/\/lesmassagesdelou.fr\/index.php\/wp-json\/wp\/v2\/types\/product"}],"wp:featuredmedia":[{"embeddable":true,"href":"https:\/\/lesmassagesdelou.fr\/index.php\/wp-json\/wp\/v2\/media\/91"}],"wp:attachment":[{"href":"https:\/\/lesmassagesdelou.fr\/index.php\/wp-json\/wp\/v2\/media?parent=63"}],"wp:term":[{"taxonomy":"product_cat","embeddable":true,"href":"https:\/\/lesmassagesdelou.fr\/index.php\/wp-json\/wp\/v2\/product_cat?post=63"},{"taxonomy":"product_tag","embeddable":true,"href":"https:\/\/lesmassagesdelou.fr\/index.php\/wp-json\/wp\/v2\/product_tag?post=63"}],"curies":[{"name":"wp","href":"https:\/\/api.w.org\/{rel}","templated":true}]}}