{"id":66,"date":"2024-04-05T12:51:12","date_gmt":"2024-04-05T10:51:12","guid":{"rendered":"https:\/\/lesmassagesdelou.fr\/?post_type=product&#038;p=66"},"modified":"2024-12-16T21:51:57","modified_gmt":"2024-12-16T20:51:57","slug":"balinais","status":"publish","type":"product","link":"https:\/\/lesmassagesdelou.fr\/index.php\/produit\/balinais\/","title":{"rendered":"Massage Balinais Chamb\u00e9ry"},"content":{"rendered":"<p class=\"has-text-color\">Ce massage est une combinaison de 2 pratiques du massage indon\u00e9sien : le URUT et le PIJAT. Tr\u00e8s influenc\u00e9 par la m\u00e9decine traditionnelle chinoise, le\u00a0massage balinais\u00a0travaille sur les parcours des diff\u00e9rents m\u00e9ridiens et sur des points particuliers.<\/p>\n<p class=\"has-text-color\"><strong>Bienfaits :<\/strong>\u00a0effets relaxants, dynamisants, circulatoires et \u00e9nerg\u00e9tiques, drainants et d\u00e9toxifiants.<\/p>\n<p class=\"has-text-color\"><strong>Indications :<\/strong>\u00a0relaxation, d\u00e9tente, travail sur la silhouette.<\/p>\n","protected":false},"excerpt":{"rendered":"<p>Ce massage est une combinaison de 2 pratiques du massage indon\u00e9sien : le URUT et le PIJAT. Tr\u00e8s influenc\u00e9 par la m\u00e9decine traditionnelle chinoise, le\u00a0massage balinais\u00a0travaille sur les parcours des diff\u00e9rents m\u00e9ridiens et sur des points particuliers. Bienfaits :\u00a0effets relaxants, dynamisants, circulatoires et \u00e9nerg\u00e9tiques, drainants et d\u00e9toxifiants. Indications :\u00a0relaxation, d\u00e9tente, travail sur la silhouette.<\/p>\n","protected":false},"featured_media":2004,"template":"","meta":[],"product_cat":[18],"product_tag":[],"class_list":{"0":"post-66","1":"product","2":"type-product","3":"status-publish","4":"has-post-thumbnail","6":"product_cat-non-classe","8":"first","9":"instock","10":"featured","11":"shipping-taxable","12":"purchasable","13":"product-type-simple"},"_links":{"self":[{"href":"https:\/\/lesmassagesdelou.fr\/index.php\/wp-json\/wp\/v2\/product\/66","targetHints":{"allow":["GET"]}}],"collection":[{"href":"https:\/\/lesmassagesdelou.fr\/index.php\/wp-json\/wp\/v2\/product"}],"about":[{"href":"https:\/\/lesmassagesdelou.fr\/index.php\/wp-json\/wp\/v2\/types\/product"}],"wp:featuredmedia":[{"embeddable":true,"href":"https:\/\/lesmassagesdelou.fr\/index.php\/wp-json\/wp\/v2\/media\/2004"}],"wp:attachment":[{"href":"https:\/\/lesmassagesdelou.fr\/index.php\/wp-json\/wp\/v2\/media?parent=66"}],"wp:term":[{"taxonomy":"product_cat","embeddable":true,"href":"https:\/\/lesmassagesdelou.fr\/index.php\/wp-json\/wp\/v2\/product_cat?post=66"},{"taxonomy":"product_tag","embeddable":true,"href":"https:\/\/lesmassagesdelou.fr\/index.php\/wp-json\/wp\/v2\/product_tag?post=66"}],"curies":[{"name":"wp","href":"https:\/\/api.w.org\/{rel}","templated":true}]}}